 is the value of -3 + 5 + (1 - -1)?
4
What is the value of 12 + -2 + -9 + 4?
5
-3 + -1 + -26 + 33 - 11
-8
What is the value of 4 + (-4 + 5 - (3 + 5))?
-3
What is the value of 3 + -5 - (35 + -41)?
4
What is the value of (1 - (0 - 0)) + -3 - -2?
0
14 - (-11 - (-2 - 13))
10
What is the value of 1 + 1 - (-2 - (3 - 4))?
3
Evaluate (-3 + 1 - 3) + (9 - 11).
-7
What is 3 + 7 + 6 - 11?
5
Evaluate 0 + 3 - (-4 + 6 + -5).
6
What is -4 + 7 + -19 + 12?
-4
3 + -2 + 3 + 0 + 1
5
What is the value of 19 + -14 + -9 + 1?
-3
-8 + 0 + -7 + (0 - -15)
0
What is 15 + -10 + (-1 - 2)?
2
What is 2 - 3 - -1 - (0 - 1)?
1
-4 + -6 + 9 - (5 - 0)
-6
-5 + 1 - (-15 + 10)
1
Evaluate 6 + -2 + (-3 - -4) - 4.
1
What is -13 + 14 + -9 + 3 - -3?
-2
What is the value of -14 + (-5 - -7 - (-5 - -3))?
-10
-1 + -4 + 1 + (2 - 0)
-2
Calculate -1 + -6 - (-14 - -16 - 8).
-1
Calculate -3 + 6 + -2 + 3 + 1.
5
2 - (3 - 8) - (-27 - -33)
1
What is the value of -3 + 0 + 7 - (5 + -1)?
0
Evaluate -1 + (0 - 0) - (-1 + -4).
4
What is the value of 2 - 8 - -4 - (5 + -2)?
-5
What is the value of 12 + (0 - -4) - 7?
9
What is the value of (2 - (-1 + 3 + 2)) + 1?
-1
4 - (22 + -14) - -4
0
Evaluate -6 + 2 + -3 + 4.
-3
Calculate -3 - -4 - (-3 - -1).
3
What is 5 + (1 - 3 - (0 + 1))?
2
Evaluate (1 - 7) + -8 + 17.
3
What is the value of 5 - -2 - 3 - 2?
2
(3 - (-3 - -3)) + 2
5
Evaluate -2 - (6 - 4) - (4 + -3).
-5
What is the value of -6 + ((1 - -2) + -3 - -1)?
-5
What is the value of -24 + 8 - -3 - -10?
-3
7 + -2 - (-1 - (-9 - -5))
2
4 + (-9 - (1 + -4))
-2
What is -2 - (-2 - (4 + -8 + 5))?
1
What is the value of -4 + 2 + 2 + 3 + -5?
-2
Calculate 2 + (-13 - -5) + 2.
-4
19 + -20 - (1 + -7)
5
Evaluate -7 + 0 + 4 - -2.
-1
What is the value of 2 + 0 + -11 + (17 - 10)?
-2
-4 + 3 - (6 - 8)
1
What is (2 - (0 - 0)) + 0?
2
Calculate 51 + -45 + -7 + 0 + 2.
1
Evaluate -3 + 3 - (-6 + 12 - 10).
4
0 - 2 - (11 - 8)
-5
What is 1 - -3 - (47 + -47)?
4
Evaluate (5 - -1 - 6) + (-2 - -3).
1
-15 + 9 - (10 + -10)
-6
Calculate 2 - (-2 - -9 - 7).
2
Evaluate (-15 - -2) + -4 + 11.
-6
What is the value of 0 - ((-4 - -11) + -4 - 5)?
2
Evaluate 1 + (-8 - (-17 - -5)) + -3.
2
What is the value of -6 + (1 - (-2 + -4))?
1
What is the value of -1 + 1 - (7 + -12 + 7)?
-2
Evaluate (7 - 1) + (-7 - 3) + 8.
4
What is (5 - (-9 + 5)) + -5?
4
Evaluate -8 + 1 + 7 + -3.
-3
Calculate -9 + (-4 - -12) + -4.
-5
What is the value of -2 - -4 - 3 - (-1 - 0)?
0
Evaluate 2 + -3 + (4 - -1) - 2.
2
Calculate 1 + 6 + -5 + -6.
-4
Calculate (-6 - -2) + -1 + 8.
3
What is 2 - (1 - 4 - -5) - 4?
-4
What is (5 - 1) + 2 + -4 - 8?
-6
Calculate (-10 + 16 - 7) + 2.
1
What is 1 + (-4 - (-4 - 2) - 4)?
-1
What is 1 + (1 - 0) - (-19 - -20)?
1
Calculate 0 - (1 + -5 + 11 + -7).
0
What is the value of 3 + -7 + 10 + -6?
0
What is -29 + 29 + (3 - 2) + 0?
1
Evaluate -1 - (-4 + (8 - 4)).
-1
What is -7 + (4 - (6 + 1 + 0))?
-10
Evaluate -2 - (-4 + (1 - (-1 + 0))).
0
Evaluate -6 + 4 + (-7 - -7).
-2
Calculate -2 + 7 + -6 + (0 - -2).
1
What is the value of 24 + -23 - (-2 - 1)?
4
(-9 - -2) + -10 + 9
-8
What is (-8 + 8 - (0 + -1)) + 3?
4
What is 0 + -4 + (-17 - -22)?
1
-4 - (-3 + -4) - 3
0
-1 + 0 + (-2 - -2) + -6
-7
(2 - 3) + (-2 - 2 - -2)
-3
What is the value of 7 + (0 - 4) + 3 - 5?
1
What is the value of (-31 - -37) + (-11 - -2)?
-3
What is -1 + (-11 - -9 - -3)?
0
Calculate -4 + 0 - (-26 - -11) - 6.
5
What is the value of -5 + -3 + -10 + 12?
-6
Calculate 46 - 48 - (1 - 12).
9
What is 1 - 3 - (-2 + 1 + 1)?
-2
Evaluate 5 + (0 + 4 - 7).
2
What is (-13 - -8) + (4 - -8)?
7
What is the value of (4 - 4) + -1 + 4?
3
(2 - 1) + 1 + -2
0
Evaluate 6 - (-5 + 3 - (-5 - -1)).
4
Evaluate (-25 - -27) + (-1 - -4 - 1).
4
0 + 11 - (-4 - -14)
1
What is the value of 6 + 6 + 5 + -11?
6
What is the value of 16 + -13 - (-1 - -4)?
0
Calculate (1 - (16 + -6)) + 13.
4
8 - (6 + -3 - -4)
1
What is -1 - (-21 - -18 - (-1 + 4))?
5
What is 5 + 1 - (-12 - -15)?
3
(2 + 5 - 13) + (2 - -1)
-3
What is the value of 29 - 26 - (-2 - -2)?
3
Calculate 8 + -7 + (-1 - -3).
3
What is (-3 - -7) + (2 - 9)?
-3
What is (-13 + (0 - -5) - -5) + -2?
-5
2 + 1 + 0 + (-13 - -11)
1
Evaluate 0 + -1 + 0 + -4.
-5
-13 + -3 + 10 + 9
3
What is the value of 7 - (-4 - -2 - -2)?
7
What is -2 + 1 + (4 - 4 - -2)?
1
What is the value of (5 - (-3 + 4 + 4)) + 1?
1
What is -10 + 24 - 7 - 3?
4
What is 17 - (12 + -1) - 4?
2
(2 - (-7 + 13)) + (-3 - -13)
6
Calculate 6 + 13 - 4 - 9.
6
What is the value of -3 - (5 + 1 - 13) - 2?
2
Calculate (-1 - -5) + -1 - 2.
1
What is -2 - (-3 + 1 - 1)?
1
What is the value of -1 + 8 - (104 - 94)?
-3
Calculate 24 + -41 + (8 - 1).
-10
11 - 5 - (14 - 4)
-4
Calculate -6 + (-13 - -37) - 9.
9
Calculate -3 + 1 - (-32 + 24).
6
Calculate -1 + (5 + -13 + 20 - 7).
4
Evaluate 5 - (4 - (0 + 4)).
5
Evaluate 0 + (1 - 0) + (-18 - -15).
-2
What is -3 - ((1 - 4) + -1 + 4)?
-3
What is -4 + 4 + -1 - -2?
1
What is 6 - (4 + (8 - 5))?
-1
What is (6 - 4) + 2 - 10?
-6
3 - ((4 - (1 - 2)) + -6)
4
What is -2 - (-1 + 4 - 1) - 2?
-6
Calculate 0 + (-5 + 4 - -5).
4
Calculate (4 + -11 - -9) + 0.
2
What is the value of (9 - -1 - 12) + (0 - 1)?
-3
What is the value of -7 + -2 - (-13 - -7)?
-3
What is -27 + 31 + (1 - 0)?
5
-4 + -5 + -5 + 19
5
Evaluate -9 + 4 + (-1 - -2).
-4
Evaluate 3 - 1 - (-6 + 4).
4
What is the value of -14 - (-10 - (-1 + 0))?
-5
What is the value of 0 - -9 - (16 - (8 + 3))?
4
What is 4 - 10 - (1 - 1)?
-6
What is the value of 20 + -17 - (2 - 3)?
4
What is the value of 2 + (0 - -1) + 2?
5
-11 - (11 - (10 + 10))
-2
Evaluate 1 + -6 + -2 + 4 + 5.
2
Calculate 5 + -8 + 3 + 1 + 8.
9
-3 - -4 - 2 - (-3 - 3)
5
Evaluate 2 - (0 - -6 - 2).
-2
What is the value of -7 + 7 + 1 + -6?
-5
Calculate ((-2 - 2) + 8 - 8) + 7.
3
What is (-10 + 5 - -7) + -3 + -3?
-4
Evaluate 1 - (-3 - -1 - -2).
1
Calculate (-21 - -21) + (0 - -3).
3
What is the value of -3 - -3 - (-9 - (7 + -18))?
-2
Evaluate 8 - ((3 - -3) + -4 + 2).
4
What is the value of (-1 + 2 - 0) + -1?
0
Evaluate (5 + -5 - -2) + -9 + 3.
-4
What is -8 + 9 - (-1 + 4 + 0)?
-2
What is (4 - -1) + (-2 - 1 - -7)?
9
7 + 1 + 8 + -9
7
What is the value of (-5 - 0) + 9 + -1?
3
(-5 - 1 - -5) + -5
-6
What is -3 - (-2 - (-3 + 1 + 4))?
1
What is 16 + (-5 - 3) - 14?
-6
What is -5 - (4 - (-5 - -9))?
-5
Evaluate (2 - -1) + (-11 + 7 - -7).
6
What is 6 - 2 - (3 + -2 + -2)?
5
-6 + -11 + 8 + 7
-2
What is 2 + (3 - -1) - 5?
1
What is the value of -2 - 0 - (0 + -3 - -3)?
-2
Evaluate (-1 + 8 - (19 + -15)) + -2.
1
Calculate -9 + (-7 - (-13 - 0)).
-3
Calculate 4 - (14 + -6) - (1 + -1).
-4
Calculate 18 + 7 + (5 - 20).
10
What is the value of 10 + (-18 - 1) + 14?
5
Evaluate 42 + -38 - (8 - (2 - 2)).
-4
What is 2 - (1 + -3 + 0 + 4)?
0
What is the value of -4 + (-5 + 10 - 1)?
0
What is the value of -2 - (3 + (-6 - 0))?
1
5 + (-8 - -1 - (-3 + 7))
-6
Calculate -4 - 0 - (-1 + -2) - 1.
-2
Evaluate 4 + -13 + 4 - -2.
-3
Evaluate -10 + (3 - -7) - -8.
8
Calculate 5 + -2 + -8 - (-22 - -7).
10
Calculate 1 + -3 + (-1 - -8 - 2).
3
What is -4 + 0 - (1 + -4)?
-1
Evaluate (-10 - -3 - 0) + 4 - -7.
4
What is 6 - ((51 - 51) + 1 + 1)?
4
What is the value of 6 - ((-2 - -8) + -5)?
5
Evaluate -4 + 9 + (-1 - -4).
8
What is the value of (5 - (5 - 0)) + -5?
-5
What is the value of 0 - 10 - (6 - 12)?
-4
What is the value of -3 + 8 + -2 - -3?
6
Calculate -2 - (-8 - -2 - -2).
2
What is 7 + -3 - (11 - 12)?
5
Evaluate -1 + -7 + 3 + 6.
1
(32 - 35) + -1 + 2
-2
What is the value of -20 + 28 - (2 + 4)?
2
What is the value of -3 - (-6 + 8) - -9?
4
What is 1 - (6 + -7 + 6)?
-4
What is -5 - -9 - (-1 + 1 - -8)?
-4
What is 21 + (-3 - 7) + 3 + -6?
8
Evaluate (-5 - (1 + -1)) + 26 + -26.
-5
What is the value of (3 + -7 + -1 - -7) + -7?
-5
What is -27 + 20 - (-2 - 1)?
-4
What is 2 - (2 - 0) - 0?
0
Calculate -5 + 0 - (3 - (-3 + 7)).
-4
Evaluate -4 + (6 - (-5 - -6)).
1
-1 + (11 - 9) + 8
9
Evaluate 0 - (7 - 6 - (2 + -6)).
-5
Calculate -2 + 8 + (8 - 8).
6
Evaluate 5 + -3 + (4 - 7) - 0.
-1
Calculate (0 - -2) + (9 - 10) - 7.
-6
0 - (2 - (-3 + 2))
-3
What is -4 - (-4 + (1 - 4))?
3
Calculate 7 - 3 - 1 - 5.
-2
What is -1 - -7 - (14 - 3)?
-5
What is the value of (-1 - -4) + -3 + 0 + 5?
5
Calculate 0 + (2 - (-7 + 6)).
3
Evaluate 0 - -4 - (14 - 5).
-5
Calculate -10 + 10 - (-1 - 13 - -5).
9
Evaluate (3 - -2) + 4 + 3 + -9.
3
Calculate 3 + (-2 - ((0 - 6) + 2)).
5
What is the value of -6 + 3 + (-23 - -27)?
1
-4 - 